he hundreds digit of 385243?
2
What is the units digit of 1257576?
6
What is the hundreds digit of 711714?
7
What is the ten thousands digit of 168111?
6
What is the thousands digit of 955784?
5
What is the hundred thousands digit of 184997?
1
What is the ten thousands digit of 718252?
1
What is the hundreds digit of 1860674?
6
What is the hundred thousands digit of 8070334?
0
What is the tens digit of 4940570?
7
What is the millions digit of 5079904?
5
What is the ten thousands digit of 1645973?
4
What is the units digit of 1404847?
7
What is the ten thousands digit of 1617202?
1
What is the hundreds digit of 230275?
2
What is the millions digit of 3020933?
3
What is the thousands digit of 2689710?
9
What is the hundreds digit of 628909?
9
What is the ten millions digit of 14523045?
1
What is the tens digit of 1737510?
1
What is the tens digit of 7746542?
4
What is the ten millions digit of 11342709?
1
What is the thousands digit of 27927?
7
What is the units digit of 295297?
7
What is the hundred thousands digit of 8324974?
3
What is the hundreds digit of 2187751?
7
What is the thousands digit of 1492162?
2
What is the hundred thousands digit of 331446?
3
What is the millions digit of 6215080?
6
What is the hundred thousands digit of 657198?
6
What is the tens digit of 591307?
0
What is the hundreds digit of 344587?
5
What is the hundreds digit of 1402016?
0
What is the tens digit of 3061049?
4
What is the ten thousands digit of 437204?
3
What is the thousands digit of 10944041?
4
What is the tens digit of 383672?
7
What is the ten thousands digit of 5120626?
2
What is the hundreds digit of 2575079?
0
What is the ten thousands digit of 777877?
7
What is the thousands digit of 1368307?
8
What is the units digit of 6748960?
0
What is the hundreds digit of 6594908?
9
What is the ten millions digit of 10169536?
1
What is the ten thousands digit of 1215592?
1
What is the hundreds digit of 16236111?
1
What is the thousands digit of 3365705?
5
What is the tens digit of 6916338?
3
What is the units digit of 9087328?
8
What is the ten millions digit of 18056465?
1
What is the hundred thousands digit of 259118?
2
What is the millions digit of 3868848?
3
What is the ten thousands digit of 402911?
0
What is the ten thousands digit of 3806866?
0
What is the hundreds digit of 326458?
4
What is the hundred thousands digit of 361711?
3
What is the hundred thousands digit of 285462?
2
What is the hundreds digit of 5104873?
8
What is the tens digit of 207150?
5
What is the thousands digit of 515325?
5
What is the thousands digit of 2070876?
0
What is the tens digit of 602886?
8
What is the hundred thousands digit of 13982230?
9
What is the hundreds digit of 176048?
0
What is the tens digit of 27590?
9
What is the ten thousands digit of 3519872?
1
What is the thousands digit of 454748?
4
What is the millions digit of 1123232?
1
What is the hundreds digit of 4005867?
8
What is the ten thousands digit of 15408604?
0
What is the thousands digit of 1939024?
9
What is the thousands digit of 3979500?
9
What is the tens digit of 70312?
1
What is the hundreds digit of 246096?
0
What is the units digit of 20151032?
2
What is the ten thousands digit of 4030662?
3
What is the millions digit of 2071630?
2
What is the ten thousands digit of 44725?
4
What is the hundreds digit of 252466?
4
What is the hundred thousands digit of 181319?
1
What is the millions digit of 1351293?
1
What is the ten thousands digit of 694031?
9
What is the hundred thousands digit of 10347414?
3
What is the tens digit of 5378626?
2
What is the hundreds digit of 66793?
7
What is the hundred thousands digit of 32890542?
8
What is the tens digit of 9152416?
1
What is the ten thousands digit of 12892601?
9
What is the millions digit of 5403824?
5
What is the units digit of 421897?
7
What is the hundreds digit of 9333170?
1
What is the tens digit of 67365?
6
What is the millions digit of 1655181?
1
What is the hundred thousands digit of 22031868?
0
What is the ten thousands digit of 6603144?
0
What is the ten thousands digit of 607880?
0
What is the hundreds digit of 3115347?
3
What is the thousands digit of 23440?
3
What is the hundreds digit of 2782571?
5
What is the units digit of 243033?
3
What is the tens digit of 15940444?
4
What is the hundreds digit of 60039?
0
What is the tens digit of 276217?
1
What is the tens digit of 182464?
6
What is the hundreds digit of 790807?
8
What is the units digit of 5233?
3
What is the units digit of 1839241?
1
What is the ten thousands digit of 358715?
5
What is the ten thousands digit of 9778955?
7
What is the hundred thousands digit of 125630?
1
What is the ten thousands digit of 16453944?
5
What is the hundred thousands digit of 799171?
7
What is the units digit of 652213?
3
What is the hundred thousands digit of 9803097?
8
What is the hundreds digit of 4828907?
9
What is the hundred thousands digit of 4487272?
4
What is the ten thousands digit of 204889?
0
What is the ten thousands digit of 6902210?
0
What is the tens digit of 107986?
8
What is the units digit of 4456557?
7
What is the ten thousands digit of 8426717?
2
What is the thousands digit of 1413227?
3
What is the tens digit of 120879?
7
What is the hundreds digit of 11776368?
3
What is the ten thousands digit of 37111344?
1
What is the ten thousands digit of 5454833?
5
What is the ten thousands digit of 102200?
0
What is the ten thousands digit of 191261?
9
What is the tens digit of 288208?
0
What is the units digit of 9245728?
8
What is the tens digit of 1410485?
8
What is the ten thousands digit of 91769?
9
What is the ten thousands digit of 115233?
1
What is the millions digit of 11178506?
1
What is the hundred thousands digit of 6576230?
5
What is the hundreds digit of 412882?
8
What is the hundred thousands digit of 8039176?
0
What is the ten thousands digit of 260485?
6
What is the hundreds digit of 18172?
1
What is the tens digit of 74898?
9
What is the tens digit of 541927?
2
What is the tens digit of 320450?
5
What is the hundred thousands digit of 461961?
4
What is the thousands digit of 961307?
1
What is the units digit of 14765593?
3
What is the units digit of 810087?
7
What is the units digit of 41516?
6
What is the units digit of 4881031?
1
What is the units digit of 79480?
0
What is the ten thousands digit of 74063?
7
What is the thousands digit of 478347?
8
What is the units digit of 4536063?
3
What is the ten thousands digit of 235824?
3
What is the units digit of 249709?
9
What is the units digit of 1165139?
9
What is the hundreds digit of 1976492?
4
What is the units digit of 95399?
9
What is the units digit of 250070?
0
What is the hundreds digit of 248364?
3
What is the millions digit of 26574434?
6
What is the ten thousands digit of 539964?
3
What is the tens digit of 12663355?
5
What is the ten millions digit of 12966800?
1
What is the hundred thousands digit of 862524?
8
What is the tens digit of 326322?
2
What is the tens digit of 929732?
3
What is the thousands digit of 4263541?
3
What is the hundreds digit of 2320315?
3
What is the units digit of 2895061?
1
What is the units digit of 384676?
6
What is the ten thousands digit of 1606011?
0
What is the ten thousands digit of 658898?
5
What is the units digit of 218715?
5
What is the hundred thousands digit of 1894065?
8
What is the hundred thousands digit of 216216?
2
What is the millions digit of 2207316?
2
What is the tens digit of 147449?
4
What is the hundred thousands digit of 13175085?
1
What is the tens digit of 1489757?
5
What is the hundreds digit of 159668?
6
What is the ten thousands digit of 2664341?
6
What is the ten thousands digit of 1364803?
6
What is the hundred thousands digit of 1347058?
3
What is the hundreds digit of 647084?
0
What is the ten thousands digit of 95064?
9
What is the tens digit of 155469?
6
What is the tens digit of 54831?
3
What is the units digit of 292655?
5
What is the units digit of 35260253?
3
What is the tens digit of 874926?
2
What is the hundred thousands digit of 782828?
7
What is the units digit of 306647?
7
What is the millions digit of 26789887?
6
What is the thousands digit of 71262?
1
What is the hundred thousands digit of 125454?
1
What is the millions digit of 1778286